{"id":33,"date":"2024-10-07T14:02:43","date_gmt":"2024-10-07T12:02:43","guid":{"rendered":"https:\/\/leclossaintclair-sete.fr\/?page_id=33"},"modified":"2024-10-13T13:16:09","modified_gmt":"2024-10-13T11:16:09","slug":"la-chambre","status":"publish","type":"page","link":"https:\/\/leclossaintclair-sete.fr\/index.php\/la-chambre\/","title":{"rendered":"La Chambre"},"content":{"rendered":"\n<p>:<\/p>\n\n\n\n<h1 class=\"wp-block-heading\"><\/h1>\n\n\n\n<p>Chambre d\u2019h\u00f4tes avec entr\u00e9e ind\u00e9pendante, \u00e9quip\u00e9e d\u2019une salle de bains et d\u2019un WC priv\u00e9s, d\u2019un lit en 160cm, d\u2019une clim r\u00e9versible, d\u2019une t\u00e9l\u00e9vision et du wifi.<\/p>\n\n\n\n<p>Un petit d\u00e9jeuner maison vous sera servi, au choix, soit sur la terrasse de la chambre, soit sous la pergola, soit dans la salle de s\u00e9jour pr\u00e8s de la chemin\u00e9e.<\/p>\n\n\n\n<style>#jtg-55 .modula-item .jtg-social a, .lightbox-socials.jtg-social a{ fill: #ffffff; color: #ffffff }#jtg-55 .modula-item .jtg-social-mobile a{ fill: #ffffff; color: #ffffff }#jtg-55 .modula-item .jtg-social svg, .lightbox-socials.jtg-social svg { height: 16px; width: 16px }#jtg-55 .modula-item .jtg-social-mobile svg { height: 16px; width: 16px }#jtg-55 .modula-item .jtg-social a:not(:last-child), .lightbox-socials.jtg-social a:not(:last-child) { margin-right: 10px }#jtg-55 .modula-item .jtg-social-mobile .jtg-social-mobile-icons a:not(:last-child){ margin-right: 10px }#jtg-55 .modula-item .figc {color:#ffffff;}#jtg-55 .modula-item .figc .jtg-title {  font-size: 16px; }#jtg-55 .modula-item .modula-item-content { transform: scale(1) }#jtg-55 .modula-items .figc p.description { font-size:14px; }#jtg-55 .modula-items .figc p.description { color:#ffffff;}#jtg-55 .modula-items .figc .jtg-title { color:#ffffff; }#jtg-55.modula-gallery .modula-item > a, #jtg-55.modula-gallery .modula-item, #jtg-55.modula-gallery .modula-item-content > a:not(.modula-no-follow) { cursor:zoom-in; } #jtg-55.modula-gallery .modula-item-content .modula-no-follow { cursor: default; } @media screen and (max-width:480px){#jtg-55 .modula-item .figc .jtg-title {  font-size: 12px; }#jtg-55 .modula-items .figc p.description { color:#ffffff;font-size:10px; }}<\/style>\n<!-- Gallery Container -->\n<div  id=\"jtg-55\" class=\"modula modula-gallery modula-custom-grid\" data-config=\"{&quot;height&quot;:800,&quot;tabletHeight&quot;:800,&quot;mobileHeight&quot;:800,&quot;desktopHeight&quot;:800,&quot;enableTwitter&quot;:false,&quot;enableWhatsapp&quot;:false,&quot;enableFacebook&quot;:false,&quot;enablePinterest&quot;:false,&quot;enableLinkedin&quot;:false,&quot;enableEmail&quot;:false,&quot;randomFactor&quot;:0.5,&quot;type&quot;:&quot;custom-grid&quot;,&quot;columns&quot;:12,&quot;gutter&quot;:10,&quot;mobileGutter&quot;:10,&quot;tabletGutter&quot;:10,&quot;desktopGutter&quot;:10,&quot;enableResponsive&quot;:&quot;0&quot;,&quot;tabletColumns&quot;:2,&quot;mobileColumns&quot;:1,&quot;lazyLoad&quot;:true,&quot;lightboxOpts&quot;:{&quot;animated&quot;:true,&quot;Thumbs&quot;:{&quot;type&quot;:&quot;modern&quot;,&quot;showOnStart&quot;:false},&quot;Toolbar&quot;:{&quot;display&quot;:{&quot;right&quot;:[&quot;close&quot;]},&quot;enabled&quot;:true},&quot;Carousel&quot;:{&quot;Panzoom&quot;:{&quot;touch&quot;:false},&quot;infinite&quot;:false},&quot;keyboard&quot;:{&quot;Escape&quot;:&quot;close&quot;,&quot;Delete&quot;:&quot;close&quot;,&quot;Backspace&quot;:&quot;close&quot;,&quot;PageUp&quot;:false,&quot;PageDown&quot;:false,&quot;ArrowUp&quot;:false,&quot;ArrowDown&quot;:false,&quot;ArrowRight&quot;:false,&quot;ArrowLeft&quot;:false},&quot;touch&quot;:false,&quot;backdropClick&quot;:false,&quot;l10n&quot;:{&quot;CLOSE&quot;:&quot;Close&quot;,&quot;NEXT&quot;:&quot;Next&quot;,&quot;PREV&quot;:&quot;Previous&quot;,&quot;Error&quot;:&quot;The requested content cannot be loaded. Please try again later.&quot;,&quot;PLAY_START&quot;:&quot;Start slideshow&quot;,&quot;PLAY_STOP&quot;:&quot;Pause slideshow&quot;,&quot;FULL_SCREEN&quot;:&quot;Full screen&quot;,&quot;THUMBS&quot;:&quot;Thumbnails&quot;,&quot;DOWNLOAD&quot;:&quot;Download&quot;,&quot;SHARE&quot;:&quot;Share&quot;,&quot;ZOOM&quot;:&quot;Zoom&quot;,&quot;EMAIL&quot;:&quot;Here is the link to the image : %%image_link%% and this is the link to the gallery : %%gallery_link%%&quot;,&quot;MODAL&quot;:&quot;You can close this modal content with the ESC key&quot;,&quot;ERROR&quot;:&quot;Something Went Wrong, Please Try Again Later&quot;,&quot;IMAGE_ERROR&quot;:&quot;Image Not Found&quot;,&quot;ELEMENT_NOT_FOUND&quot;:&quot;HTML Element Not Found&quot;,&quot;AJAX_NOT_FOUND&quot;:&quot;Error Loading AJAX : Not Found&quot;,&quot;AJAX_FORBIDDEN&quot;:&quot;Error Loading AJAX : Forbidden&quot;,&quot;IFRAME_ERROR&quot;:&quot;Error Loading Page&quot;,&quot;TOGGLE_ZOOM&quot;:&quot;Toggle zoom level&quot;,&quot;TOGGLE_THUMBS&quot;:&quot;Toggle thumbnails&quot;,&quot;TOGGLE_SLIDESHOW&quot;:&quot;Toggle slideshow&quot;,&quot;TOGGLE_FULLSCREEN&quot;:&quot;Toggle full-screen mode&quot;},&quot;Images&quot;:{&quot;Panzoom&quot;:{&quot;maxScale&quot;:2}},&quot;mainClass&quot;:&quot;modula-fancybox-container modula-lightbox-jtg-55&quot;,&quot;Html&quot;:{&quot;videoAutoplay&quot;:0,&quot;videoTpl&quot;:&quot;&lt;video class=\\&quot;fancybox__html5video\\&quot; controls muted playsinline controlsList controlsList=\\&quot;nodownload\\&quot; poster=\\&quot;{{poster}}\\&quot; src=\\&quot;{{src}}\\&quot; type=\\&quot;{{format}}\\&quot; &gt;  Sorry, your browser doesn&#039;t support embedded videos, &lt;a href=\\&quot;{{src}}\\&quot;&gt; download &lt;\\\/a&gt; and watch with your favorite video player! &lt;\\\/video&gt;&quot;}},&quot;inView&quot;:false,&quot;email_subject&quot;:&quot;Check out this awesome image !!&quot;,&quot;email_message&quot;:&quot;Here is the link to the image : %%image_link%% and this is the link to the gallery : %%gallery_link%%&quot;,&quot;lightbox&quot;:&quot;fancybox&quot;}\">\n\n\t\n\t<!-- Items Container -->\n\t<div  class=\"modula-items\">\n\t\t<div class=\"modula-item effect-pufrobo\" data-width=\"3\" data-height=\"4\" >\n\t<div class=\"modula-item-overlay\"><\/div>\n\n\t<div class=\"modula-item-content\">\n\n\t\t\t\t\n\t\t\t\t\t<a data-image-id=\"84\" tabindex=\"0\" rel=\"jtg-55\" data-caption=\"\" aria-label=\"Open image in lightbox\" role=\"button\" class=\"tile-inner modula-item-link\"><\/a>\n\t\t\n\t\t<img class=\"pic wp-image-84 lazyload\"  data-valign=\"middle\" data-halign=\"center\" alt=\"\" data-full=\"https:\/\/leclossaintclair-sete.fr\/wp-content\/uploads\/2024\/10\/20220610_141056.jpg\" title=\"20220610_141056\" width=\"225\" height=\"300\" data-src=\"https:\/\/leclossaintclair-sete.fr\/wp-content\/uploads\/2024\/10\/20220610_141056-225x300.jpg\" data-caption=\"\" data-source=\"modula\" data-srcset=\"https:\/\/leclossaintclair-sete.fr\/wp-content\/uploads\/2024\/10\/20220610_141056-scaled.jpg 1920w, https:\/\/leclossaintclair-sete.fr\/wp-content\/uploads\/2024\/10\/20220610_141056-scaled-225x300.jpg 225w, https:\/\/leclossaintclair-sete.fr\/wp-content\/uploads\/2024\/10\/20220610_141056-768x1024.jpg 768w, https:\/\/leclossaintclair-sete.fr\/wp-content\/uploads\/2024\/10\/20220610_141056-1152x1536.jpg 1152w, https:\/\/leclossaintclair-sete.fr\/wp-content\/uploads\/2024\/10\/20220610_141056-1536x2048.jpg 1536w\" data-sizes=\"(max-width: 225px) 100vw, 225px\" srcset=\"https:\/\/leclossaintclair-sete.fr\/wp-content\/uploads\/2024\/10\/20220610_141056-225x300.jpg 225w, https:\/\/leclossaintclair-sete.fr\/wp-content\/uploads\/2024\/10\/20220610_141056-768x1024.jpg 768w, https:\/\/leclossaintclair-sete.fr\/wp-content\/uploads\/2024\/10\/20220610_141056-1152x1536.jpg 1152w, https:\/\/leclossaintclair-sete.fr\/wp-content\/uploads\/2024\/10\/20220610_141056-1536x2048.jpg 1536w, https:\/\/leclossaintclair-sete.fr\/wp-content\/uploads\/2024\/10\/20220610_141056-scaled.jpg 1920w\" sizes=\"(max-width: 225px) 100vw, 225px\" \/>\n\t\t<div class=\"figc no-description\">\n\t\t\t<div class=\"figc-inner\">\n\t\t\t\t\t\t\t\t\t\t\t\t\t\t\t<\/div>\n\t\t<\/div>\n\n\t<\/div>\n\n<\/div><div class=\"modula-item effect-pufrobo\" data-width=\"4\" data-height=\"2\" >\n\t<div class=\"modula-item-overlay\"><\/div>\n\n\t<div class=\"modula-item-content\">\n\n\t\t\t\t\n\t\t\t\t\t<a data-image-id=\"47\" tabindex=\"0\" rel=\"jtg-55\" data-caption=\"\" aria-label=\"Open image in lightbox\" role=\"button\" class=\"tile-inner modula-item-link\"><\/a>\n\t\t\n\t\t<img class=\"pic wp-image-47 lazyload\"  data-valign=\"middle\" data-halign=\"center\" alt=\"\" data-full=\"https:\/\/leclossaintclair-sete.fr\/wp-content\/uploads\/2024\/10\/chambre1-1.jpg\" title=\"chambre1\" width=\"300\" height=\"225\" data-src=\"https:\/\/leclossaintclair-sete.fr\/wp-content\/uploads\/2024\/10\/chambre1-1-300x225.jpg\" data-caption=\"\" data-source=\"modula\" data-srcset=\"https:\/\/leclossaintclair-sete.fr\/wp-content\/uploads\/2024\/10\/chambre1-1.jpg 1024w, https:\/\/leclossaintclair-sete.fr\/wp-content\/uploads\/2024\/10\/chambre1-1-300x225.jpg 300w, https:\/\/leclossaintclair-sete.fr\/wp-content\/uploads\/2024\/10\/chambre1-1-768x576.jpg 768w\" data-sizes=\"(max-width: 300px) 100vw, 300px\" srcset=\"https:\/\/leclossaintclair-sete.fr\/wp-content\/uploads\/2024\/10\/chambre1-1-300x225.jpg 300w, https:\/\/leclossaintclair-sete.fr\/wp-content\/uploads\/2024\/10\/chambre1-1-768x576.jpg 768w, https:\/\/leclossaintclair-sete.fr\/wp-content\/uploads\/2024\/10\/chambre1-1.jpg 1024w\" sizes=\"(max-width: 300px) 100vw, 300px\" \/>\n\t\t<div class=\"figc no-description\">\n\t\t\t<div class=\"figc-inner\">\n\t\t\t\t\t\t\t\t\t\t\t\t\t\t\t<\/div>\n\t\t<\/div>\n\n\t<\/div>\n\n<\/div><div class=\"modula-item effect-pufrobo\" data-width=\"3\" data-height=\"4\" >\n\t<div class=\"modula-item-overlay\"><\/div>\n\n\t<div class=\"modula-item-content\">\n\n\t\t\t\t\n\t\t\t\t\t<a data-image-id=\"50\" tabindex=\"0\" rel=\"jtg-55\" data-caption=\"\" aria-label=\"Open image in lightbox\" role=\"button\" class=\"tile-inner modula-item-link\"><\/a>\n\t\t\n\t\t<img class=\"pic wp-image-50 lazyload\"  data-valign=\"middle\" data-halign=\"center\" alt=\"\" data-full=\"https:\/\/leclossaintclair-sete.fr\/wp-content\/uploads\/2024\/10\/chambre4.jpg\" title=\"chambre4\" width=\"300\" height=\"225\" data-src=\"https:\/\/leclossaintclair-sete.fr\/wp-content\/uploads\/2024\/10\/chambre4-300x225.jpg\" data-caption=\"\" data-source=\"modula\" data-srcset=\"https:\/\/leclossaintclair-sete.fr\/wp-content\/uploads\/2024\/10\/chambre4.jpg 1000w, https:\/\/leclossaintclair-sete.fr\/wp-content\/uploads\/2024\/10\/chambre4-300x225.jpg 300w, https:\/\/leclossaintclair-sete.fr\/wp-content\/uploads\/2024\/10\/chambre4-768x576.jpg 768w\" data-sizes=\"(max-width: 300px) 100vw, 300px\" srcset=\"https:\/\/leclossaintclair-sete.fr\/wp-content\/uploads\/2024\/10\/chambre4-300x225.jpg 300w, https:\/\/leclossaintclair-sete.fr\/wp-content\/uploads\/2024\/10\/chambre4-768x576.jpg 768w, https:\/\/leclossaintclair-sete.fr\/wp-content\/uploads\/2024\/10\/chambre4.jpg 1000w\" sizes=\"(max-width: 300px) 100vw, 300px\" \/>\n\t\t<div class=\"figc no-description\">\n\t\t\t<div class=\"figc-inner\">\n\t\t\t\t\t\t\t\t\t\t\t\t\t\t\t<\/div>\n\t\t<\/div>\n\n\t<\/div>\n\n<\/div><div class=\"modula-item effect-pufrobo\" data-width=\"4\" data-height=\"2\" >\n\t<div class=\"modula-item-overlay\"><\/div>\n\n\t<div class=\"modula-item-content\">\n\n\t\t\t\t\n\t\t\t\t\t<a data-image-id=\"48\" tabindex=\"0\" rel=\"jtg-55\" data-caption=\"\" aria-label=\"Open image in lightbox\" role=\"button\" class=\"tile-inner modula-item-link\"><\/a>\n\t\t\n\t\t<img class=\"pic wp-image-48 lazyload\"  data-valign=\"middle\" data-halign=\"center\" alt=\"\" data-full=\"https:\/\/leclossaintclair-sete.fr\/wp-content\/uploads\/2024\/10\/chambre2-1.jpg\" title=\"chambre2\" width=\"300\" height=\"225\" data-src=\"https:\/\/leclossaintclair-sete.fr\/wp-content\/uploads\/2024\/10\/chambre2-1-300x225.jpg\" data-caption=\"\" data-source=\"modula\" data-srcset=\"https:\/\/leclossaintclair-sete.fr\/wp-content\/uploads\/2024\/10\/chambre2-1.jpg 1024w, https:\/\/leclossaintclair-sete.fr\/wp-content\/uploads\/2024\/10\/chambre2-1-300x225.jpg 300w, https:\/\/leclossaintclair-sete.fr\/wp-content\/uploads\/2024\/10\/chambre2-1-768x576.jpg 768w\" data-sizes=\"(max-width: 300px) 100vw, 300px\" srcset=\"https:\/\/leclossaintclair-sete.fr\/wp-content\/uploads\/2024\/10\/chambre2-1-300x225.jpg 300w, https:\/\/leclossaintclair-sete.fr\/wp-content\/uploads\/2024\/10\/chambre2-1-768x576.jpg 768w, https:\/\/leclossaintclair-sete.fr\/wp-content\/uploads\/2024\/10\/chambre2-1.jpg 1024w\" sizes=\"(max-width: 300px) 100vw, 300px\" \/>\n\t\t<div class=\"figc no-description\">\n\t\t\t<div class=\"figc-inner\">\n\t\t\t\t\t\t\t\t\t\t\t\t\t\t\t<\/div>\n\t\t<\/div>\n\n\t<\/div>\n\n<\/div><div class=\"modula-item effect-pufrobo\" data-width=\"2\" data-height=\"2\" >\n\t<div class=\"modula-item-overlay\"><\/div>\n\n\t<div class=\"modula-item-content\">\n\n\t\t\t\t\n\t\t\t\t\t<a data-image-id=\"49\" tabindex=\"0\" rel=\"jtg-55\" data-caption=\"\" aria-label=\"Open image in lightbox\" role=\"button\" class=\"tile-inner modula-item-link\"><\/a>\n\t\t\n\t\t<img class=\"pic wp-image-49 lazyload\"  data-valign=\"middle\" data-halign=\"center\" alt=\"\" data-full=\"https:\/\/leclossaintclair-sete.fr\/wp-content\/uploads\/2024\/10\/chambre3.jpg\" title=\"chambre3\" width=\"300\" height=\"225\" data-src=\"https:\/\/leclossaintclair-sete.fr\/wp-content\/uploads\/2024\/10\/chambre3-300x225.jpg\" data-caption=\"\" data-source=\"modula\" data-srcset=\"https:\/\/leclossaintclair-sete.fr\/wp-content\/uploads\/2024\/10\/chambre3.jpg 1000w, https:\/\/leclossaintclair-sete.fr\/wp-content\/uploads\/2024\/10\/chambre3-300x225.jpg 300w, https:\/\/leclossaintclair-sete.fr\/wp-content\/uploads\/2024\/10\/chambre3-768x576.jpg 768w\" data-sizes=\"(max-width: 300px) 100vw, 300px\" srcset=\"https:\/\/leclossaintclair-sete.fr\/wp-content\/uploads\/2024\/10\/chambre3-300x225.jpg 300w, https:\/\/leclossaintclair-sete.fr\/wp-content\/uploads\/2024\/10\/chambre3-768x576.jpg 768w, https:\/\/leclossaintclair-sete.fr\/wp-content\/uploads\/2024\/10\/chambre3.jpg 1000w\" sizes=\"(max-width: 300px) 100vw, 300px\" \/>\n\t\t<div class=\"figc no-description\">\n\t\t\t<div class=\"figc-inner\">\n\t\t\t\t\t\t\t\t\t\t\t\t\t\t\t<\/div>\n\t\t<\/div>\n\n\t<\/div>\n\n<\/div><div class=\"modula-item effect-pufrobo\" data-width=\"2\" data-height=\"2\" >\n\t<div class=\"modula-item-overlay\"><\/div>\n\n\t<div class=\"modula-item-content\">\n\n\t\t\t\t\n\t\t\t\t\t<a data-image-id=\"51\" tabindex=\"0\" rel=\"jtg-55\" data-caption=\"\" aria-label=\"Open image in lightbox\" role=\"button\" class=\"tile-inner modula-item-link\"><\/a>\n\t\t\n\t\t<img class=\"pic wp-image-51 lazyload\"  data-valign=\"middle\" data-halign=\"center\" alt=\"\" data-full=\"https:\/\/leclossaintclair-sete.fr\/wp-content\/uploads\/2024\/10\/chambre5.jpg\" title=\"chambre5\" width=\"300\" height=\"225\" data-src=\"https:\/\/leclossaintclair-sete.fr\/wp-content\/uploads\/2024\/10\/chambre5-300x225.jpg\" data-caption=\"\" data-source=\"modula\" data-srcset=\"https:\/\/leclossaintclair-sete.fr\/wp-content\/uploads\/2024\/10\/chambre5.jpg 1000w, https:\/\/leclossaintclair-sete.fr\/wp-content\/uploads\/2024\/10\/chambre5-300x225.jpg 300w, https:\/\/leclossaintclair-sete.fr\/wp-content\/uploads\/2024\/10\/chambre5-768x576.jpg 768w\" data-sizes=\"(max-width: 300px) 100vw, 300px\" srcset=\"https:\/\/leclossaintclair-sete.fr\/wp-content\/uploads\/2024\/10\/chambre5-300x225.jpg 300w, https:\/\/leclossaintclair-sete.fr\/wp-content\/uploads\/2024\/10\/chambre5-768x576.jpg 768w, https:\/\/leclossaintclair-sete.fr\/wp-content\/uploads\/2024\/10\/chambre5.jpg 1000w\" sizes=\"(max-width: 300px) 100vw, 300px\" \/>\n\t\t<div class=\"figc no-description\">\n\t\t\t<div class=\"figc-inner\">\n\t\t\t\t\t\t\t\t\t\t\t\t\t\t\t<\/div>\n\t\t<\/div>\n\n\t<\/div>\n\n<\/div>\t\t\n\t<\/div>\n\n\t\n\t\n\t<script type=\"application\/ld+json\">\n\t{\n\t\t\"@context\": \"http:\/\/schema.org\",\n\t\t\"@type\"   : \"ImageGallery\",\n\t\t\"id\"      : \"https:\/\/leclossaintclair-sete.fr\/index.php\/la-chambre\/\",\n\t\t\"url\"     : \"https:\/\/leclossaintclair-sete.fr\/index.php\/la-chambre\/\"\n\t}\n\n\t<\/script>\n\n\t\n<\/div>\n","protected":false},"excerpt":{"rendered":"<p>: Chambre d\u2019h\u00f4tes avec entr\u00e9e ind\u00e9pendante, \u00e9quip\u00e9e d\u2019une salle de bains et d\u2019un WC priv\u00e9s, d\u2019un lit en 160cm, d\u2019une [&hellip;]<\/p>\n","protected":false},"author":1,"featured_media":0,"parent":0,"menu_order":0,"comment_status":"closed","ping_status":"closed","template":"","meta":{"site-sidebar-layout":"default","site-content-layout":"","ast-site-content-layout":"","site-content-style":"default","site-sidebar-style":"default","ast-global-header-display":"","ast-banner-title-visibility":"","ast-main-header-display":"","ast-hfb-above-header-display":"","ast-hfb-below-header-display":"","ast-hfb-mobile-header-display":"","site-post-title":"","ast-breadcrumbs-content":"","ast-featured-img":"","footer-sml-layout":"","theme-transparent-header-meta":"","adv-header-id-meta":"","stick-header-meta":"","header-above-stick-meta":"","header-main-stick-meta":"","header-below-stick-meta":"","astra-migrate-meta-layouts":"default","ast-page-background-enabled":"default","ast-page-background-meta":{"desktop":{"background-color":"var(--ast-global-color-4)","background-image":"","background-repeat":"repeat","background-position":"center center","background-size":"auto","background-attachment":"scroll","background-type":"","background-media":"","overlay-type":"","overlay-color":"","overlay-opacity":"","overlay-gradient":""},"tablet":{"background-color":"","background-image":"","background-repeat":"repeat","background-position":"center center","background-size":"auto","background-attachment":"scroll","background-type":"","background-media":"","overlay-type":"","overlay-color":"","overlay-opacity":"","overlay-gradient":""},"mobile":{"background-color":"","background-image":"","background-repeat":"repeat","background-position":"center center","background-size":"auto","background-attachment":"scroll","background-type":"","background-media":"","overlay-type":"","overlay-color":"","overlay-opacity":"","overlay-gradient":""}},"ast-content-background-meta":{"desktop":{"background-color":"var(--ast-global-color-5)","background-image":"","background-repeat":"repeat","background-position":"center center","background-size":"auto","background-attachment":"scroll","background-type":"","background-media":"","overlay-type":"","overlay-color":"","overlay-opacity":"","overlay-gradient":""},"tablet":{"background-color":"var(--ast-global-color-5)","background-image":"","background-repeat":"repeat","background-position":"center center","background-size":"auto","background-attachment":"scroll","background-type":"","background-media":"","overlay-type":"","overlay-color":"","overlay-opacity":"","overlay-gradient":""},"mobile":{"background-color":"var(--ast-global-color-5)","background-image":"","background-repeat":"repeat","background-position":"center center","background-size":"auto","background-attachment":"scroll","background-type":"","background-media":"","overlay-type":"","overlay-color":"","overlay-opacity":"","overlay-gradient":""}},"footnotes":""},"class_list":["post-33","page","type-page","status-publish","hentry"],"_links":{"self":[{"href":"https:\/\/leclossaintclair-sete.fr\/index.php\/wp-json\/wp\/v2\/pages\/33","targetHints":{"allow":["GET"]}}],"collection":[{"href":"https:\/\/leclossaintclair-sete.fr\/index.php\/wp-json\/wp\/v2\/pages"}],"about":[{"href":"https:\/\/leclossaintclair-sete.fr\/index.php\/wp-json\/wp\/v2\/types\/page"}],"author":[{"embeddable":true,"href":"https:\/\/leclossaintclair-sete.fr\/index.php\/wp-json\/wp\/v2\/users\/1"}],"replies":[{"embeddable":true,"href":"https:\/\/leclossaintclair-sete.fr\/index.php\/wp-json\/wp\/v2\/comments?post=33"}],"version-history":[{"count":3,"href":"https:\/\/leclossaintclair-sete.fr\/index.php\/wp-json\/wp\/v2\/pages\/33\/revisions"}],"predecessor-version":[{"id":94,"href":"https:\/\/leclossaintclair-sete.fr\/index.php\/wp-json\/wp\/v2\/pages\/33\/revisions\/94"}],"wp:attachment":[{"href":"https:\/\/leclossaintclair-sete.fr\/index.php\/wp-json\/wp\/v2\/media?parent=33"}],"curies":[{"name":"wp","href":"https:\/\/api.w.org\/{rel}","templated":true}]}}